 7. Let k be a(t). Suppose 4*b + 0*b - 28 = 0. What is the greatest common divisor of b and k?
7
Suppose 0 = -3*q - 6*a - 450 + 420, -4*q = -5*a - 51. Let i be (8/3)/((-4)/(-12)). What is the highest common divisor of q and i?
4
Let u = 137 - 126. Suppose 7*n - 3*n - 574 = -d, -3*n = -5*d - 419. What is the greatest common divisor of n and u?
11
Suppose -46*j + 3158 - 1732 = 0. Calculate the highest common divisor of j and 25.
1
Let l be -4*(0 - ((-6930)/(-24))/15). Calculate the greatest common factor of 112 and l.
7
Suppose -45*v + 40*v = -15, 3*n - 1815 = 3*v. Calculate the greatest common factor of 1539 and n.
19
Let g = -7113 + 10216. Calculate the highest common factor of 58 and g.
29
Let p(g) = g**3 - 50*g**2 + 42*g - 369. Let w be p(51). Calculate the highest common divisor of w and 6.
6
Suppose -a + 2*f = -32, 5*a - 7599 + 7516 = -f. Let p = -233 - -440. Calculate the highest common divisor of a and p.
9
Let u = 471 - 181. Let h = u + -275. Suppose 5*k - q = 977, 0*k - 2*k + 400 = -5*q. What is the highest common factor of h and k?
15
Let f(m) = 2*m**2 - 8*m - 78. Let k be f(10). What is the highest common divisor of k and 726?
6
Suppose 19*b = 18*b + i + 7330, -4*b + 29287 = 7*i. What is the highest common factor of 34 and b?
17
Suppose 2*r = p - 0*r - 26, 124 = 5*p - 4*r. Suppose 48*h - h - 6796 + 3742 = 6534. What is the highest common divisor of h and p?
12
Suppose 0 = -3*t + 3, -612 = -6*s + s + 3*t. Suppose -18 = 7*i - s. Calculate the highest common divisor of i and 30.
15
Suppose -i = s - 0*i - 69, -5*i = -5*s + 395. Suppose -2*b + s = -88. What is the greatest common factor of 27 and b?
27
Suppose 401 = 5*l - 34. Let q be l/7 + (-63)/147. Suppose -3 = -k + q. Calculate the greatest common factor of 120 and k.
15
Let s(t) = -t**3 - 8*t**2 - 14*t - 29. Let v be s(-7). Suppose -12*i = -v*i + 1600. Calculate the greatest common divisor of i and 150.
50
Let z = -17069 - -18447. Calculate the greatest common divisor of z and 636.
106
Suppose -7 = -3*w - 4. Suppose 4*i + 3*a - a + 6 = 0, 0 = 3*i - 2*a + w. Let h be (i + 22)*24/28. Calculate the highest common divisor of 198 and h.
18
Suppose -17 = -3*j - 2*g, -2*j + 11*g + 18 = 14*g. Suppose j = -7*s + 4119. What is the greatest common factor of 12 and s?
12
Let c = 3941 - 2174. What is the highest common divisor of c and 93?
93
Suppose 4*t - 11327 = 34*i - 33*i, t - 4*i - 2828 = 0. Calculate the highest common factor of 96 and t.
48
Let b = -13766 + 13901. Calculate the highest common divisor of b and 9540.
45
Let i(t) = 12*t + 106. Suppose -g = 2*x - 2*g + 5, -g = -5*x - 14. Let l be i(x). What is the greatest common factor of l and 84?
14
Let h = 513 + -509. Suppose -h*q + 22 = -22. Calculate the greatest common divisor of 1364 and q.
11
Let y be 2/2*(-2 - -21). Let a(f) = -7*f - y - 38 + 41. Let m be a(-4). What is the greatest common factor of 108 and m?
12
Let b be (22*1/(-2))/(28/(-7308)). Calculate the greatest common factor of b and 99.
99
Let h(v) = 5*v - 5. Let k be (-8 + -4 + 7 + -4)*1. Let q be h(k). Let r = 146 + q. Calculate the greatest common factor of r and 12.
12
Let u = -317 + 327. Let h(a) = 4*a - 22. Let l be h(u). What is the greatest common divisor of 342 and l?
18
Suppose 0 = i - h + 3, 6*h + 23 = 4*i + 9*h. Suppose -2*x + 2*c = -80, -i*x + 0*x = 2*c - 68. Calculate the highest common divisor of x and 148.
37
Suppose 52*r - 41328 = 47*r - 23*r. What is the greatest common divisor of r and 3772?
164
Let i = -6994 - -7115. Calculate the highest common divisor of 3509 and i.
121
Let s(g) = -g**3 + g**2 + 4*g + 1. Let l(f) = -f**3 + 2*f. Let w(b) = 4*l(b) - 2*s(b). Let d be w(-2). Calculate the greatest common factor of d and 69.
3
Let x be (-20)/35 - 62/14 - -2. Let z(q) = 23*q**2 - q. Let u be z(x). Calculate the greatest common factor of 30 and u.
30
Let u(r) = r**3 - r**2 - 17*r + 18. Let a be u(8). Suppose -7*c = 10 - 38. Suppose c*t - 2*t = 60. What is the highest common divisor of a and t?
30
Suppose 0 = 7*l - 3 - 32. Let q be (-1)/3 - 50/(-15). Suppose 0 = 4*z + l*m + q, -5*z + 10 + 11 = -2*m. Calculate the highest common factor of z and 54.
3
Suppose 10*z + 109 + 51 = 0. Let f be (-38)/(-152) + -2*158/z. Calculate the highest common divisor of f and 220.
20
Suppose v = 5*v + 204. Let f = v + 57. Let i be (-3 - (-1 + -1))*-6. Calculate the greatest common divisor of i and f.
6
Suppose -2*u = -2*r, -3*r + 4 = 3*u - 20. Calculate the greatest common factor of r and 9908.
4
Let z be (-20)/(-4) - (-1)/1. Let o(l) = -12*l - 36. Let c be o(-14). Let r = c + -108. Calculate the highest common divisor of r and z.
6
Let l = -24 + 23. Let v = 2 - l. Suppose 11 = v*a - 7. What is the greatest common divisor of 9 and a?
3
Suppose -4*y - 4*q = 848, 3*y - 5*q + 2*q = -636. Let m = y + 213. Calculate the greatest common factor of m and 47.
1
Suppose 5*g = -11*k + 7*k + 183, -k = -2. Suppose -33*z = -50*z + 12495. Calculate the highest common divisor of z and g.
35
Let u(w) = 85*w**2 - 264*w + 1048. Let z be u(4). Calculate the highest common factor of z and 208.
104
Suppose 0 = -3*s - 5*n + 28, -3*s - 3*n = -20 - 4. Suppose -t = -3*h + 1911, -2*t + 3185 = -h + s*h. What is the highest common divisor of 98 and h?
49
Let d(c) = -19*c**2 - c**3 - 28 + 94 + 22*c + 0*c**3 + 2*c**3. Let v be d(19). Calculate the greatest common divisor of 11 and v.
11
Let n be 4/6 - 3190/(-66). What is the greatest common factor of 2 and n?
1
Let s be 2/(-8) + 1796/16. Suppose 148*o = 84*o - 121*o + 2590. What is the greatest common divisor of o and s?
14
Suppose 46*y + 31546 = 50*y - 2*u, 5*u + 23670 = 3*y. What is the highest common divisor of 83 and y?
83
Let r = -20 + 8. Let w be -4*(-4)/12*r/(-16). Calculate the highest common divisor of w and 3.
1
Suppose -9*w = 5*w - 56. Suppose -87 = -w*s - 23. Suppose s = -4*o + 6*o + 5*x, -o + 15 = -x. What is the highest common factor of 13 and o?
13
Let o(t) = -t**3 + 8*t**2 - 5*t - 38. Let y(l) = -4*l - 74. Let x be y(-20). Let k be o(x). Let g = 41 - 29. Calculate the highest common divisor of g and k.
4
Let v(c) = c**3 - 9*c**2 - 39*c + 4. Let p be v(11). Let x = p + 197. Calculate the greatest common divisor of 119 and x.
7
Let f(o) = -o**3 - 13*o**2 + 4. Let a be f(-13). Let s be 700/16 + (-3)/a + 1. Let y = s - 42. What is the highest common factor of y and 2?
2
Let o be (33 - 35)/((-2)/134) - 1. Calculate the highest common factor of o and 49.
7
Let i = -737 + 751. Let n(t) = -3*t - 9. Let m be n(-3). Suppose m = 4*a - a - 210. What is the highest common factor of a and i?
14
Suppose 0 = -43*b + 44*b - 2. Let i(x) = -1931*x**b + 26*x + 1930*x**2 + 1 - 16. Let a be i(13). What is the greatest common factor of 11 and a?
11
Suppose 108*i - 11220 = -48*i - 31*i. What is the highest common divisor of 220 and i?
20
Suppose -40*j + 1035 = -9045. Suppose -t + 19*t = j. Suppose -3*r = -0*r - 6. Calculate the highest common divisor of t and r.
2
Let y(w) = 63*w + 2149. Let d be y(-33). Calculate the highest common divisor of d and 1358.
14
Let l be 2/4*0 - (-2 - (610 + -7)). Calculate the greatest common divisor of l and 484.
121
Let f(s) = -6*s**3 + 21*s**2 - 4*s + 7. Let j be f(-5). Suppose l - 22*l = -j. Calculate the highest common divisor of l and 155.
31
Let i be ((-512)/56)/(16/(-168)). Calculate the greatest common divisor of i and 660.
12
Let w = 58 - 53. Suppose 4*f - 48 = -2*h, -5*h - 15 - w = -4*f. Calculate the greatest common divisor of 190 and f.
10
Let o(m) = -8*m**3 - 2*m**2 - 13*m - 13. Let a be o(-3). Calculate the greatest common divisor of a and 1.
1
Let p be -20*11101/(-85) - -16. Calculate the greatest common divisor of p and 90.
18
Let j be 3/(-57)*-2 - 211/19. Let z(p) = -6*p - 30. Let k be z(j). What is the greatest common factor of k and 45?
9
Suppose 1461 = 8*j - 1339. Calculate the highest common divisor of 182 and j.
14
Let p(c) = 48*c + 756. Let q be p(9). Calculate the highest common divisor of q and 216.
108
Let p(f) = -2*f**2 + 15*f - 17. Let z be p(5). Suppose 0 = -2*y - 4*q + z*q + 48, 3*y + q = 93. What is the highest common factor of y and 90?
30
Let f be ((-64)/(-3))/(4/18). Let r = 214 + -310. Let h = r - -108. What is the highest common divisor of f and h?
12
Suppose 326 = 3*m + 2*n, 52*m - 54*m - 2*n + 